, 3463
What are the prime factors of 4353866?
2, 11, 73, 2711
List the prime factors of 21547831.
1637, 13163
What are the prime factors of 1040447?
1040447
What are the prime factors of 6711022?
2, 17, 197383
What are the prime factors of 892553?
892553
What are the prime factors of 325237?
11, 29567
List the prime factors of 732942.
2, 3, 7, 277
List the prime factors of 580931.
13, 44687
List the prime factors of 7324425.
3, 5, 3617
List the prime factors of 3843171.
3, 167, 2557
List the prime factors of 461778.
2, 3, 76963
List the prime factors of 358294.
2, 23, 7789
List the prime factors of 16228.
2, 4057
List the prime factors of 677837.
71, 9547
What are the prime factors of 1627793?
1627793
List the prime factors of 353540.
2, 5, 11, 1607
List the prime factors of 7790250.
2, 3, 5, 13, 17, 47
List the prime factors of 9534291.
3, 13, 151, 1619
List the prime factors of 13258069.
11, 181, 6659
What are the prime factors of 1483551?
3, 164839
What are the prime factors of 1541109?
3, 19, 1423
List the prime factors of 729512.
2, 7, 1861
List the prime factors of 227871.
3, 7, 3617
List the prime factors of 352228.
2, 173, 509
List the prime factors of 4635733.
4635733
What are the prime factors of 489656?
2, 97, 631
What are the prime factors of 19529693?
19529693
List the prime factors of 7578.
2, 3, 421
What are the prime factors of 6951251?
43, 139, 1163
What are the prime factors of 10133833?
10133833
What are the prime factors of 1224825?
3, 5, 7, 2333
List the prime factors of 128638.
2, 64319
List the prime factors of 3227949.
3, 59, 6079
List the prime factors of 1050788.
2, 262697
What are the prime factors of 9416635?
5, 73, 25799
List the prime factors of 1786773.
3, 601, 991
What are the prime factors of 345149?
7, 49307
List the prime factors of 5258.
2, 11, 239
What are the prime factors of 548483?
13, 31, 1361
List the prime factors of 2178354.
2, 3, 363059
What are the prime factors of 1890631?
1890631
What are the prime factors of 1787478?
2, 3, 7, 11, 53, 73
What are the prime factors of 13628151?
3, 73, 20743
List the prime factors of 40567016.
2, 7, 47, 15413
What are the prime factors of 2113790?
2, 5, 7, 30197
What are the prime factors of 2986422?
2, 3, 497737
List the prime factors of 1114774.
2, 353, 1579
List the prime factors of 2881011.
3, 7, 137191
What are the prime factors of 1006943?
7, 19, 67, 113
What are the prime factors of 575157?
3, 11, 29, 601
What are the prime factors of 642450?
2, 3, 5, 4283
What are the prime factors of 976918?
2, 488459
What are the prime factors of 494037?
3, 17, 3229
What are the prime factors of 39631?
39631
What are the prime factors of 17814279?
3, 7, 37, 101, 227
List the prime factors of 3811907.
11, 43, 8059
List the prime factors of 1930678.
2, 131, 7369
What are the prime factors of 1038703?
23, 45161
What are the prime factors of 2991434?
2, 1495717
List the prime factors of 14233518.
2, 3, 13, 4679
List the prime factors of 14490297.
3, 353, 4561
List the prime factors of 248169.
3, 82723
List the prime factors of 905383.
127, 7129
What are the prime factors of 5349675?
3, 5, 71329
What are the prime factors of 11952874?
2, 73, 81869
List the prime factors of 601670.
2, 5, 60167
What are the prime factors of 5462966?
2, 467, 5849
List the prime factors of 184477.
184477
List the prime factors of 4305093.
3, 13, 167, 661
What are the prime factors of 14789786?
2, 11, 547, 1229
List the prime factors of 8240931.
3, 915659
What are the prime factors of 1623700?
2, 5, 13, 1249
List the prime factors of 1859045.
5, 29, 12821
List the prime factors of 970640.
2, 5, 11, 1103
What are the prime factors of 268585?
5, 53717
List the prime factors of 5752062.
2, 3, 223, 1433
What are the prime factors of 1149613?
89, 12917
What are the prime factors of 7213214?
2, 23, 233, 673
What are the prime factors of 3909204?
2, 3, 13, 8353
What are the prime factors of 214864?
2, 13, 1033
What are the prime factors of 365445?
3, 5, 2707
What are the prime factors of 429706?
2, 214853
List the prime factors of 706454.
2, 7, 50461
What are the prime factors of 43055?
5, 79, 109
List the prime factors of 2542945.
5, 17, 29917
List the prime factors of 2217805.
5, 443561
List the prime factors of 483275.
5, 13, 1487
What are the prime factors of 10920389?
89, 122701
What are the prime factors of 4722302?
2, 13, 29, 6263
What are the prime factors of 3959614?
2, 1979807
What are the prime factors of 90088?
2, 11261
What are the prime factors of 1382442?
2, 3, 113, 2039
List the prime factors of 1763567.
13, 293, 463
List the prime factors of 95314.
2, 47657
List the prime factors of 1291612.
2, 7, 163, 283
What are the prime factors of 314588?
2, 31, 43, 59
What are the prime factors of 3430276?
2, 857569
What are the prime factors of 71409?
3, 13, 1831
What are the prime factors of 4124017?
103, 40039
List the prime factors of 478907.
11, 13, 17, 197
What are the prime factors of 96820?
2, 5, 47, 103
List the prime factors of 1238770.
2, 5, 13, 733
What are the prime factors of 1170578?
2, 585289
List the prime factors of 250223.
17, 41, 359
What are the prime factors of 293317?
137, 2141
What are the prime factors of 8031557?
8031557
List the prime factors of 222190.
2, 5, 17, 1307
What are the prime factors of 71853?
3, 43, 557
List the prime factors of 94875.
3, 5, 11, 23
List the prime factors of 598259.
43, 13913
List the prime factors of 138297.
3, 46099
What are the prime factors of 823783?
19, 191, 227
List the prime factors of 4476290.
2, 5, 7, 13, 4919
List the prime factors of 23735883.
3, 19, 416419
List the prime factors of 496112.
2, 101, 307
List the prime factors of 2666113.
1609, 1657
What are the prime factors of 63550?
2, 5, 31, 41
What are the prime factors of 266243?
443, 601
List the prime factors of 98891.
13, 7607
List the prime factors of 37917885.
3, 5, 821, 3079
What are the prime factors of 237945?
3, 5, 29, 547
List the prime factors of 144566.
2, 41, 43
What are the prime factors of 2458146?
2, 3, 409691
What are the prime factors of 31922289?
3, 7, 168901
List the prime factors of 6506674.
2, 43, 75659
List the prime factors of 23057.
23057
What are the prime factors of 33640?
2, 5, 29
What are the prime factors of 473275?
5, 11, 1721
What are the prime factors of 177550?
2, 5, 53, 67
What are the prime factors of 4833372?
2, 3, 17, 19, 29, 43
What are the prime factors of 346966?
2, 173483
List the prime factors of 4617284.
2, 7, 103, 1601
List the prime factors of 154856.
2, 13, 1489
What are the prime factors of 7927515?
3, 5, 113, 1559
What are the prime factors of 15177444?
2, 3, 1264787
List the prime factors of 905741.
587, 1543
List the prime factors of 7221405.
3, 5, 431, 1117
What are the prime factors of 454941?
3, 50549
What are the prime factors of 396790?
2, 5, 39679
List the prime factors of 8852616.
2, 3, 122953
List the prime factors of 305810.
2, 5, 53, 577
List the prime factors of 787576.
2, 17, 5791
List the prime factors of 3548841.
3, 1182947
What are the prime factors of 562582?
2, 281291
What are the prime factors of 4475287?
563, 7949
List the prime factors of 40146.
2, 3, 6691
What are the prime factors of 201859?
7, 28837
List the prime factors of 1468237.
101, 14537
What are the prime factors of 168815?
5, 19, 1777
List the prime factors of 207504.
2, 3, 11, 131
List the prime factors of 197565.
3, 5, 13171
List the prime factors of 434125.
5, 23, 151
List the prime factors of 1805182.
2, 902591
List the prime factors of 322249.
322249
List the prime factors of 1099896.
2, 3, 7, 6547
List the prime factors of 2114396.
2, 19, 43, 647
What are the prime factors of 389111?
389111
What are the prime factors of 8464200?
2, 3, 5, 14107
What are the prime factors of 4392276?
2, 3, 7, 52289
List the prime factors of 212369.
212369
List the prime factors of 355901.
7, 13, 3911
What are the prime factors of 37260352?
2, 577, 1009
What are the prime factors of 1041223?
1041223
List the prime factors of 8984699.
31, 41, 7069
List the prime factors of 4336852.
2, 13, 83401
List the prime factors of 455301.
3, 7, 11, 73
What are the prime factors of 483507?
3, 31, 1733
What are the prime factors of 1922873?
1922873
List the prime factors